{"id":13692,"date":"2021-05-20T00:00:00","date_gmt":"2021-05-20T04:00:00","guid":{"rendered":"https:\/\/cha-shc.ca\/?post_type=advocacy&#038;p=13692"},"modified":"2022-08-03T15:50:26","modified_gmt":"2022-08-03T19:50:26","slug":"declaration-de-la-shc-sur-la-proposition-de-la-destruction-des-archives-nationales-de-linde","status":"publish","type":"advocacy","link":"https:\/\/cha-shc.ca\/fr\/advocacy\/declaration-de-la-shc-sur-la-proposition-de-la-destruction-des-archives-nationales-de-linde\/","title":{"rendered":"D\u00e9claration de la SHC sur la proposition de la destruction des Archives nationales de l&rsquo;Inde"},"content":{"rendered":"<p>En d\u00e9cembre 2020, le gouvernement indien a lanc\u00e9 ce qu&rsquo;il a appel\u00e9 le projet de r\u00e9am\u00e9nagement du Central Vista \u00e0 New Delhi.\u00a0 Cette restructuration massive verra la d\u00e9molition et la r\u00e9installation du Mus\u00e9e national de l&rsquo;Inde, du Centre Indira-Gandhi pour les arts et de l&rsquo;annexe des Archives nationales.<\/p>\n<p>Le projet a \u00e9t\u00e9 entrepris \u00e0 la h\u00e2te et mis en \u0153uvre unilat\u00e9ralement, sans consulter les parties prenantes ; il demeure opaque, avec des messages diff\u00e9rents sur les plans propos\u00e9s par le principal concepteur du projet Central Vista, le ministre d&rsquo;\u00c9tat de l&rsquo;Union pour le logement et les affaires urbaines, et divers m\u00e9dias.\u00a0 Ce qui est clair, en revanche, c&rsquo;est que les archives conserv\u00e9es dans l&rsquo;annexe des Archives nationales &#8211; 4,5 millions de dossiers, 25 000 manuscrits rares, 100 000 cartes, 280 000 documents pr\u00e9modernes et plus encore &#8211; sont en danger.\u00a0 Sans un plan pr\u00e9cis pour prot\u00e9ger ces artefacts pendant la transition, ils risquent d&rsquo;\u00eatre endommag\u00e9s ou perdus.\u00a0 Sans h\u00e9bergement temporaire pendant la transition, le public ne pourra pas acc\u00e9der \u00e0 ces documents pendant une p\u00e9riode ind\u00e9termin\u00e9e.\u00a0 Sans une structure claire de gestion, il n&rsquo;y a aucune responsabilit\u00e9 pour les pertes potentielles.<\/p>\n<p>La d\u00e9cision d&rsquo;aller de l&rsquo;avant avec le projet de r\u00e9am\u00e9nagement de Central Vista met en p\u00e9ril les archives historiques d&rsquo;une nation.\u00a0 La Soci\u00e9t\u00e9 historique du Canada se joint aux organisations du monde entier pour demander instamment l&rsquo;arr\u00eat de la d\u00e9molition des Archives nationales de l&rsquo;Inde au beau milieu de la pand\u00e9mie en cours et, le cas \u00e9ch\u00e9ant, pour encourager un processus plus consultatif et transparent pour aller de l&rsquo;avant.<\/p>\n","protected":false},"featured_media":0,"template":"","meta":{"_acf_changed":false,"_seopress_robots_primary_cat":"","_seopress_titles_title":"","_seopress_titles_desc":"","_seopress_robots_index":"","_exactmetrics_skip_tracking":false,"_exactmetrics_sitenote_active":false,"_exactmetrics_sitenote_note":"","_exactmetrics_sitenote_category":0,"site-sidebar-layout":"default","site-content-layout":"","ast-site-content-layout":"default","site-content-style":"default","site-sidebar-style":"default","ast-global-header-display":"","ast-banner-title-visibility":"","ast-main-header-display":"","ast-hfb-above-header-display":"","ast-hfb-below-header-display":"","ast-hfb-mobile-header-display":"","site-post-title":"","ast-breadcrumbs-content":"","ast-featured-img":"","footer-sml-layout":"","ast-disable-related-posts":"","theme-transparent-header-meta":"","adv-header-id-meta":"","stick-header-meta":"","header-above-stick-meta":"","header-main-stick-meta":"","header-below-stick-meta":"","astra-migrate-meta-layouts":"default","ast-page-background-enabled":"default","ast-page-background-meta":{"desktop":{"background-color":"var(--ast-global-color-4)","background-image":"","background-repeat":"repeat","background-position":"center center","background-size":"auto","background-attachment":"scroll","background-type":"","background-media":"","overlay-type":"","overlay-color":"","overlay-opacity":"","overlay-gradient":""},"tablet":{"background-color":"","background-image":"","background-repeat":"repeat","background-position":"center center","background-size":"auto","background-attachment":"scroll","background-type":"","background-media":"","overlay-type":"","overlay-color":"","overlay-opacity":"","overlay-gradient":""},"mobile":{"background-color":"","background-image":"","background-repeat":"repeat","background-position":"center center","background-size":"auto","background-attachment":"scroll","background-type":"","background-media":"","overlay-type":"","overlay-color":"","overlay-opacity":"","overlay-gradient":""}},"ast-content-background-meta":{"desktop":{"background-color":"var(--ast-global-color-5)","background-image":"","background-repeat":"repeat","background-position":"center center","background-size":"auto","background-attachment":"scroll","background-type":"","background-media":"","overlay-type":"","overlay-color":"","overlay-opacity":"","overlay-gradient":""},"tablet":{"background-color":"var(--ast-global-color-5)","background-image":"","background-repeat":"repeat","background-position":"center center","background-size":"auto","background-attachment":"scroll","background-type":"","background-media":"","overlay-type":"","overlay-color":"","overlay-opacity":"","overlay-gradient":""},"mobile":{"background-color":"var(--ast-global-color-5)","background-image":"","background-repeat":"repeat","background-position":"center center","background-size":"auto","background-attachment":"scroll","background-type":"","background-media":"","overlay-type":"","overlay-color":"","overlay-opacity":"","overlay-gradient":""}}},"class_list":["post-13692","advocacy","type-advocacy","status-publish","hentry"],"acf":[],"publishpress_future_workflow_manual_trigger":{"enabledWorkflows":[]},"_links":{"self":[{"href":"https:\/\/cha-shc.ca\/fr\/wp-json\/wp\/v2\/advocacy\/13692","targetHints":{"allow":["GET"]}}],"collection":[{"href":"https:\/\/cha-shc.ca\/fr\/wp-json\/wp\/v2\/advocacy"}],"about":[{"href":"https:\/\/cha-shc.ca\/fr\/wp-json\/wp\/v2\/types\/advocacy"}],"wp:attachment":[{"href":"https:\/\/cha-shc.ca\/fr\/wp-json\/wp\/v2\/media?parent=13692"}],"curies":[{"name":"wp","href":"https:\/\/api.w.org\/{rel}","templated":true}]}}

Déclaration de la SHC sur la proposition de la destruction des Archives nationales de l&rsquo;Inde

<p>En décembre 2020, le gouvernement indien a lancé ce qu&rsquo;il a appelé le projet de réaménagement du Central Vista à New Delhi.  Cette restructuration massive verra la démolition et la réinstallation du Musée national de l&rsquo;Inde, du Centre Indira-Gandhi pour les arts et de l&rsquo;annexe des Archives nationales.</p>
<p>Le projet a été entrepris à la hâte et mis en œuvre unilatéralement, sans consulter les parties prenantes ; il demeure opaque, avec des messages différents sur les plans proposés par le principal concepteur du projet Central Vista, le ministre d&rsquo;État de l&rsquo;Union pour le logement et les affaires urbaines, et divers médias.  Ce qui est clair, en revanche, c&rsquo;est que les archives conservées dans l&rsquo;annexe des Archives nationales &#8211; 4,5 millions de dossiers, 25 000 manuscrits rares, 100 000 cartes, 280 000 documents prémodernes et plus encore &#8211; sont en danger.  Sans un plan précis pour protéger ces artefacts pendant la transition, ils risquent d&rsquo;être endommagés ou perdus.  Sans hébergement temporaire pendant la transition, le public ne pourra pas accéder à ces documents pendant une période indéterminée.  Sans une structure claire de gestion, il n&rsquo;y a aucune responsabilité pour les pertes potentielles.</p>
<p>La décision d&rsquo;aller de l&rsquo;avant avec le projet de réaménagement de Central Vista met en péril les archives historiques d&rsquo;une nation.  La Société historique du Canada se joint aux organisations du monde entier pour demander instamment l&rsquo;arrêt de la démolition des Archives nationales de l&rsquo;Inde au beau milieu de la pandémie en cours et, le cas échéant, pour encourager un processus plus consultatif et transparent pour aller de l&rsquo;avant.</p>
